{"id":2,"date":"2023-11-10T15:52:41","date_gmt":"2023-11-10T14:52:41","guid":{"rendered":"http:\/\/fudoshin.fr\/?page_id=2"},"modified":"2023-11-11T23:45:35","modified_gmt":"2023-11-11T22:45:35","slug":"2-2","status":"publish","type":"page","link":"https:\/\/fudoshin.fr\/","title":{"rendered":"Accueil"},"content":{"rendered":"<div class=\"entry\">\n\n<div class=\"wp-block-image\">\n<figure class=\"aligncenter size-full is-resized\"><img loading=\"lazy\" decoding=\"async\" width=\"542\" height=\"893\" src=\"https:\/\/fudoshin.fr\/wp-content\/uploads\/2023\/11\/logo_site.png\" alt=\"\" class=\"wp-image-23\" style=\"width:175px;height:auto\" srcset=\"https:\/\/fudoshin.fr\/wp-content\/uploads\/2023\/11\/logo_site.png 542w, https:\/\/fudoshin.fr\/wp-content\/uploads\/2023\/11\/logo_site-182x300.png 182w\" sizes=\"auto, (max-width: 542px) 100vw, 542px\" \/><\/figure><\/div>\n\n\n<p class=\"has-text-align-center has-small-font-size\"><em>Pratique corporelle ancestrale, le karat\u00e9 do est un art martial qui permet, \u00e0 travers la recherche d&#8217;efficacit\u00e9 et le d\u00e9passement de soi, de trouver l&#8217;harmonie du corps et de l&#8217;esprit.<\/em><\/p>\n\n\n<\/div>","protected":false},"excerpt":{"rendered":"<p>Pratique corporelle ancestrale, le karat\u00e9 do est un art martial qui permet, \u00e0 travers la recherche d&#8217;efficacit\u00e9 et le d\u00e9passement de soi, de trouver l&#8217;harmonie du corps et de l&#8217;esprit.<\/p>\n","protected":false},"author":1,"featured_media":0,"parent":0,"menu_order":0,"comment_status":"closed","ping_status":"closed","template":"","meta":{"footnotes":""},"class_list":["post-2","page","type-page","status-publish"],"_links":{"self":[{"href":"https:\/\/fudoshin.fr\/index.php\/wp-json\/wp\/v2\/pages\/2","targetHints":{"allow":["GET"]}}],"collection":[{"href":"https:\/\/fudoshin.fr\/index.php\/wp-json\/wp\/v2\/pages"}],"about":[{"href":"https:\/\/fudoshin.fr\/index.php\/wp-json\/wp\/v2\/types\/page"}],"author":[{"embeddable":true,"href":"https:\/\/fudoshin.fr\/index.php\/wp-json\/wp\/v2\/users\/1"}],"replies":[{"embeddable":true,"href":"https:\/\/fudoshin.fr\/index.php\/wp-json\/wp\/v2\/comments?post=2"}],"version-history":[{"count":10,"href":"https:\/\/fudoshin.fr\/index.php\/wp-json\/wp\/v2\/pages\/2\/revisions"}],"predecessor-version":[{"id":76,"href":"https:\/\/fudoshin.fr\/index.php\/wp-json\/wp\/v2\/pages\/2\/revisions\/76"}],"wp:attachment":[{"href":"https:\/\/fudoshin.fr\/index.php\/wp-json\/wp\/v2\/media?parent=2"}],"curies":[{"name":"wp","href":"https:\/\/api.w.org\/{rel}","templated":true}]}}